{"id":22,"date":"2016-03-17T10:44:44","date_gmt":"2016-03-17T10:44:44","guid":{"rendered":"http:\/\/immobilien-vieth.de\/?page_id=22"},"modified":"2016-03-17T16:24:19","modified_gmt":"2016-03-17T16:24:19","slug":"wohnungsangebote","status":"publish","type":"page","link":"https:\/\/immobilien-vieth.de\/?page_id=22","title":{"rendered":"Wohnungsangebote"},"content":{"rendered":"<p style=\"text-align: center;\">Sie interessieren sich f\u00fcr eine unserer zahlreichen Wohnungen im Dortmunder Nordwesten?<\/p>\n<p style=\"text-align: center;\">Wir geben Ihnen gerne telefonisch Auskunft \u00fcber unsere aktuellen Wohnungsangebote.<br \/>\nWohnungssuchende erreichen uns wochentags von 09:00 &#8211; 18.00 Uhr unter:<\/p>\n<p style=\"text-align: center;\"><strong>0231\/54625598<\/strong><\/p>\n<p style=\"text-align: center;\">Au\u00dferdem erreichen Sie uns auch w\u00e4hrend unserer B\u00fcrozeiten in unserem B\u00fcro<\/p>\n<p style=\"text-align: center;\">Rahmer Str. 376<br \/>\n44379 Dortmund-Kirchlinde<br \/>\nTel.: 0231\/670406<\/p>\n","protected":false},"excerpt":{"rendered":"<p>Sie interessieren sich f\u00fcr eine unserer zahlreichen Wohnungen im Dortmunder Nordwesten? Wir geben Ihnen gerne telefonisch Auskunft \u00fcber unsere aktuellen Wohnungsangebote. Wohnungssuchende erreichen uns wochentags von 09:00 &#8211; 18.00 Uhr unter: 0231\/54625598 Au\u00dferdem erreichen Sie uns auch w\u00e4hrend unserer B\u00fcrozeiten in unserem B\u00fcro Rahmer Str. 376 44379 Dortmund-Kirchlinde Tel.: 0231\/670406<\/p>\n","protected":false},"author":1,"featured_media":0,"parent":0,"menu_order":0,"comment_status":"closed","ping_status":"closed","template":"","meta":{"om_disable_all_campaigns":false,"_monsterinsights_skip_tracking":false,"_monsterinsights_sitenote_active":false,"_monsterinsights_sitenote_note":"","_monsterinsights_sitenote_category":0,"footnotes":""},"class_list":["post-22","page","type-page","status-publish","hentry"],"aioseo_notices":[],"_links":{"self":[{"href":"https:\/\/immobilien-vieth.de\/index.php?rest_route=\/wp\/v2\/pages\/22","targetHints":{"allow":["GET"]}}],"collection":[{"href":"https:\/\/immobilien-vieth.de\/index.php?rest_route=\/wp\/v2\/pages"}],"about":[{"href":"https:\/\/immobilien-vieth.de\/index.php?rest_route=\/wp\/v2\/types\/page"}],"author":[{"embeddable":true,"href":"https:\/\/immobilien-vieth.de\/index.php?rest_route=\/wp\/v2\/users\/1"}],"replies":[{"embeddable":true,"href":"https:\/\/immobilien-vieth.de\/index.php?rest_route=%2Fwp%2Fv2%2Fcomments&post=22"}],"version-history":[{"count":5,"href":"https:\/\/immobilien-vieth.de\/index.php?rest_route=\/wp\/v2\/pages\/22\/revisions"}],"predecessor-version":[{"id":40,"href":"https:\/\/immobilien-vieth.de\/index.php?rest_route=\/wp\/v2\/pages\/22\/revisions\/40"}],"wp:attachment":[{"href":"https:\/\/immobilien-vieth.de\/index.php?rest_route=%2Fwp%2Fv2%2Fmedia&parent=22"}],"curies":[{"name":"wp","href":"https:\/\/api.w.org\/{rel}","templated":true}]}}